271. Let p be t(-12). Let v = p - x. What are the prime factors of v?
5, 11
Let n be (-1 + 1)/(56/28). Suppose n = -g + 293 + 9. What are the prime factors of g?
2, 151
What are the prime factors of (-27)/54 - 211*(-73)/2?
3, 17, 151
Suppose 4*w + 4*q - 10 = 5*q, 0 = 4*q - 8. Suppose -12*u = w*u - 105. List the prime factors of u.
7
Suppose 14*n - z = 17*n - 133582, 22*z = 4*n - 177946. List the prime factors of n.
5, 13, 137
Let p = -1976 - -6963. What are the prime factors of p?
4987
Suppose -30 + 22 = -4*a. Let u(g) = g - 12. Let h be u(6). What are the prime factors of (a/h)/((-24)/6264)?
3, 29
Suppose -4*m = 0, -k = -3*m + 2*m - 0*m. What are the prime factors of k + -4 + (0 - -681)?
677
Let n = 15340 + -8619. What are the prime factors of n?
11, 13, 47
Suppose 2*d - 3*j = j - 36, 3*j = 5*d + 69. Let t be (192/10)/(d/690). List the prime factors of 3/2*t/27*-3.
2, 23
Let k = 186404 + -118946. What are the prime factors of k?
2, 3, 11243
Suppose 41*y = f + 37*y - 59065, 2*f = 3*y + 118130. List the prime factors of f.
5, 11813
Let j(u) = -113 + 8*u + 21*u + 10*u**2 - 4*u. List the prime factors of j(9).
2, 461
Let w = 22 - 41. Let b = w - -20. What are the prime factors of (-44)/(-3)*(-5 + 7 + b)?
2, 11
Let b(g) = -5*g**3 + 32*g**2 - 2*g - 35. List the prime factors of b(-22).
68737
Suppose -5*f = 4*c + 3, 5*f - 4 - 5 = 2*c. List the prime factors of (-4 - c) + (26 - 15).
3
Let y(p) be the first derivative of 1/4*p**4 + 5*p**2 - 17/3*p**3 + 17 - 33*p. List the prime factors of y(17).
137
Let z(x) = 2*x - 30. Let b be z(15). Let y be (7/(-3) + b)/((-41)/(-13284)). List the prime factors of (y/(-30))/(1/5).
2, 3, 7
Let x = -269 - -270. List the prime factors of (-3*8/48)/(x/(-590)).
5, 59
Suppose -164*v - 303846 = -427787 - 475971. List the prime factors of v.
2, 31, 59
Let i be 2836/10 - (-4)/10. Suppose -18*o + 85*o = -70*o + 411. Suppose 5*y = o*y + i. List the prime factors of y.
2, 71
Suppose -4*s - x + 8578 = -2*x, 2*s - 4282 = -3*x. Suppose s + 1852 = 12*o. List the prime factors of o.
3, 37
Let b(w) = -3*w**2 + 40*w + 35. Let q be b(14). Suppose q*u = 2749 + 1745. What are the prime factors of u?
2, 3, 107
Let o(g) be the second derivative of -6*g**2 + 0 - 9*g - 3/2*g**3. What are the prime factors of o(-6)?
2, 3, 7
Let b be ((-15)/4)/(-1*4/(-32)). Let a be b/8 - 7/28. Let x(r) = 10*r**2 - 14. What are the prime factors of x(a)?
2, 73
Suppose 2659 = 2*k - 2013. Suppose 0 = -5*r - 5*l + 975 + 1385, 0 = -5*r + 3*l + k. List the prime factors of r.
7, 67
Suppose -2*t = 2*t - 16. Suppose -t*w + w = -15. Suppose 0 = 3*v - 9, w*q + 2*v - 314 = -v. List the prime factors of q.
61
Let u(g) = -g**3 + 15*g**2 - 27. Suppose -y - 35 = -p - 46, -4*p = -2*y + 24. What are the prime factors of u(y)?
11, 43
Let k(u) = 625*u - 1760. List the prime factors of k(18).
2, 5, 13, 73
Let u(i) = 10*i - 9. Suppose o + 7 = 8*o. Let k be (2 + o)/3*5 + 3. List the prime factors of u(k).
71
Suppose -3*w - 6 = -4*x, 5*x - 9*x = -w - 2. Suppose 71*q - 74*q = 2*m - 648, x = 4*m. What are the prime factors of q?
2, 3
Let v = 2518 + -1148. Let r = -561 + v. What are the prime factors of r?
809
Let z(o) = 7175*o + 10563. List the prime factors of z(4).
7, 71, 79
Suppose x + 2 - 3 = 0, -3*z + 16 = -2*x. Suppose 4*y = z*y - 5*q - 1972, -5*y - q = -4984. Suppose 193 - y = -11*p. What are the prime factors of p?
73
Suppose 62045 = 2*m + z, -79473 = -4*m + 5*z + 44638. List the prime factors of m.
2, 7, 277
Suppose -43945 = -22*v + 475453. List the prime factors of v.
23609
List the prime factors of (-785939)/(-22) + (-13)/(-26).
5, 1429
Suppose -c - 34*k = -29*k + 37, c - 2*k + 2 = 0. List the prime factors of (-4)/12 + ((-13192)/c - -2).
3, 367
Let p = 316 - 315. List the prime factors of 1210*(p/(-1) - (-9)/6).
5, 11
Suppose 186984 = 20*x + 4*x. What are the prime factors of x?
3, 7, 53
Let g(v) = -13*v**3 - 26*v**2 - 22*v - 23. What are the prime factors of g(-11)?
2, 3, 599
Suppose 23*j = -4*j + 157780 + 267605. What are the prime factors of j?
5, 23, 137
Let r be -3*(-3)/(-9) + 3 - -317. Suppose -r*k + 647 = -318*k. What are the prime factors of k?
647
Let z = -17407 - -27071. List the prime factors of z.
2, 151
Suppose 0 = 4*f + g + 14, -2*g = 5*f - 4*f. What are the prime factors of (-2000)/24*6/f?
5
Let b = -52 - -62. Suppose 1266 = b*i + 396. Suppose -i = -5*k + 48. List the prime factors of k.
3
Let y(o) = -7*o + 23. Let p be y(7). List the prime factors of 17919/23 + p/299.
19, 41
Let h be -1 + -8 + 15 + 3. Let v(m) = m**2 - 1. Let t be v(1). Suppose t = -3*r + h, -5*r - 118 = -5*n - r. List the prime factors of n.
2, 13
Let r be 800/150*6*6/(-8). Let z be -3*(-4)/(r/130). Let u = -41 - z. List the prime factors of u.
2, 3
Let t = -12241 + 20829. What are the prime factors of t?
2, 19, 113
Suppose 2*u - 6 = 6. Suppose -u*o = -0*o. Suppose 167 = d - o*d. List the prime factors of d.
167
Let g = 67994 - 40762. What are the prime factors of g?
2, 23, 37
Let j be (15/4)/((-30)/11120). List the prime factors of j/(-3) + 50/30.
3, 5, 31
Let s(x) = -x**2 - 14*x - 15. Let c be s(-8). Suppose -3*z = 51 - c. What are the prime factors of (-25)/6 + 4 - 247/z?
41
Suppose 2*u = -4*p + 7116, 2*p + 10666 = -67*u + 70*u. List the prime factors of u.
2, 7, 127
Suppose 2*r - 55 = -31. Suppose -64 - 461 = -5*v. List the prime factors of 1/4 + v/r.
3
Let h(g) = -g**3 + 8*g**2 + 12*g - 29. Let l be h(9). Let x = 15 + 5. Let d = x + l. List the prime factors of d.
2, 3
List the prime factors of (-19 - -4)*-2*(-1)/6 - -8675.
2, 3, 5, 17
Let m = 691 + -286. Let h = m + 92. List the prime factors of h.
7, 71
Let y(n) = -25*n - 1. Let a be y(1). Let g = 46 + a. Let w = -11 + g. What are the prime factors of w?
3
Let i = 2062 + 2055. List the prime factors of i.
23, 179
Let j = 7289 + 972. What are the prime factors of j?
11, 751
Let t be (-2)/(-10) + (-78)/(-10). Let u = 35 - 33. List the prime factors of (u*(-5)/t)/(3/(-192)).
2, 5
Let o(u) = -313*u**2 + 14*u + 42. Let g be o(-3). Let p = g - -4228. List the prime factors of p.
17, 83
Suppose 0 = i - 15*i + 42. List the prime factors of (i + 2)*(-36)/(-20)*2.
2, 3
Let w = -42 + 21. Let q = 37 + w. Suppose 13*z = q*z - 111. What are the prime factors of z?
37
Let a(k) = k**2 + 8*k + 9. Let p be a(-5). Let g(d) = 3*d + 5 + 2*d + d**2 + 6 + 4*d**2. List the prime factors of g(p).
7, 23
Suppose 5*q - 1889 + 1934 = 0. Let c = 75 - q. What are the prime factors of c?
2, 3, 7
Let h = -6 + 6. Suppose r - 13 + 8 = h. Suppose 3*g = 62 - r. What are the prime factors of g?
19
Suppose -3*o + 7*o = -n + 87, 2*o = -5*n + 21. Suppose q - o - 1 = -2*j, 0 = 2*q + 4. List the prime factors of j.
13
Let b be ((0 + 0)/2)/(79 - 80). Suppose -3*y + 3*z + 3522 = b, 5*y = -z - z + 5856. List the prime factors of y.
2, 293
Let p(m) = 31*m**2 + 7*m + 29. List the prime factors of p(25).
7, 2797
List the prime factors of 4 + 33/(-9) - ((-2914956)/(-54))/(-22).
2, 3, 409
Let h(q) = -24*q**3 + q**2 + q - 1. Let v be h(-1). Suppose -39*o + 4176 = -v*o. What are the prime factors of o?
3, 29
Let k be -15*(-4 + 4 - 1). Let l = 27 + k. Let g = l - 3. What are the prime factors of g?
3, 13
Let t(q) = -8683*q - 318. List the prime factors of t(-6).
2, 3, 5, 863
Let u be 8/(-4) + -16 + 27. Suppose u*h = -433 + 2980. List the prime factors of h.
283
Let l be (545/2)/(1/(-6)). List the prime factors of 1 + 10/((-50)/l).
2, 41
Let i(v) be the third derivative of 11*v**5/60 + v**4/3 + 2*v**3 - 91*v**2. List the prime factors of i(-6).
2, 3, 5
Suppose 0 = x - 5*o + 48, 0*o = 5*x - 2*o + 217. Let u(b) = 2*b**3 + 85*b**2 - 42*b + 95. List the prime factors of u(x).
2, 13
Let j = -579 - -590. Suppose 5*n + j*n = 20128. List the prime factors of n.
2, 17, 37
Suppose -6 = h - 8. Let u be (h/6 - (-448)/6) + -1. Suppose 3*j = 12, 200 = 3*r - 5*j - u. List the prime factors of r.
2, 7
Suppose 2*p - 24 = -5*x, -4*x - 7 + 21 = -p. Suppose -2*l - x*t = -1270, -t = 3*l + 2*t - 1893. What are the prime factors of l?
3, 11, 19
Let c = 63 - 60. Suppose -8*g = c*g - 264. What are the prime factors of 2900/g + 5 + 1/6?
2, 3, 7
Let b be (-8)/((-64)/(-6))*-12. Let c(n) = n**3 - 11*n**2 + 19*n - 7. Let v be c(b). Suppose -v*o = -o - 163. List the prime factors of o.
163
Suppose -8*y + 4*y =